{"id":2181,"date":"2024-10-21T10:53:46","date_gmt":"2024-10-21T10:53:46","guid":{"rendered":"https:\/\/100verjaria.pt\/?post_type=menu&#038;p=2181"},"modified":"2024-10-21T10:53:46","modified_gmt":"2024-10-21T10:53:46","slug":"herdade-do-portocarro","status":"publish","type":"menu","link":"https:\/\/100verjaria.pt\/fr\/item\/herdade-do-portocarro\/","title":{"rendered":"Ferme de Portocarro"},"content":{"rendered":"<p>R\u00e9gion de Set\u00fabal, vari\u00e9t\u00e9s Aragon\u00eas, Cabernet Sauvignon, Touriga Nacional. Producteur Fazenda Portocarro.<\/p>","protected":false},"excerpt":{"rendered":"<p>R\u00e9gion de Set\u00fabal, vari\u00e9t\u00e9s Aragon\u00eas, Cabernet Sauvignon, Touriga Nacional. Producteur Fazenda Portocarro.<\/p>","protected":false},"author":1,"featured_media":2627,"parent":0,"template":"","section":[187],"ingredient":[249,295,263,250],"class_list":["post-2181","menu","type-menu","status-publish","has-post-thumbnail","hentry","section-vinhos-tintos","ingredient-aragonez","ingredient-cabernet-sauvignom","ingredient-setubal","ingredient-touriga-nacional"],"_links":{"self":[{"href":"https:\/\/100verjaria.pt\/fr\/wp-json\/wp\/v2\/menu\/2181","targetHints":{"allow":["GET"]}}],"collection":[{"href":"https:\/\/100verjaria.pt\/fr\/wp-json\/wp\/v2\/menu"}],"about":[{"href":"https:\/\/100verjaria.pt\/fr\/wp-json\/wp\/v2\/types\/menu"}],"author":[{"embeddable":true,"href":"https:\/\/100verjaria.pt\/fr\/wp-json\/wp\/v2\/users\/1"}],"version-history":[{"count":1,"href":"https:\/\/100verjaria.pt\/fr\/wp-json\/wp\/v2\/menu\/2181\/revisions"}],"predecessor-version":[{"id":2636,"href":"https:\/\/100verjaria.pt\/fr\/wp-json\/wp\/v2\/menu\/2181\/revisions\/2636"}],"wp:featuredmedia":[{"embeddable":true,"href":"https:\/\/100verjaria.pt\/fr\/wp-json\/wp\/v2\/media\/2627"}],"wp:attachment":[{"href":"https:\/\/100verjaria.pt\/fr\/wp-json\/wp\/v2\/media?parent=2181"}],"wp:term":[{"taxonomy":"section","embeddable":true,"href":"https:\/\/100verjaria.pt\/fr\/wp-json\/wp\/v2\/section?post=2181"},{"taxonomy":"ingredient","embeddable":true,"href":"https:\/\/100verjaria.pt\/fr\/wp-json\/wp\/v2\/ingredient?post=2181"}],"curies":[{"name":"wp","href":"https:\/\/api.w.org\/{rel}","templated":true}]}}

<p>Région de Setúbal, variétés Aragonês, Cabernet Sauvignon, Touriga Nacional. Producteur Fazenda Portocarro.</p>
